
Suppose -4*v - 4*q - 252 = 0, 2*v + 5*q + 41 + 94 = 0. Let w = -37 - v. What is the units digit of w?
3
Suppose 0 = -4*f - 5*f. Suppose f*k - 4*k + 312 = 0. What is the tens digit of k?
7
Let u(j) = j**2 + 5*j + 63. What is the thousands digit of u(35)?
1
Let c = -199 + 411. What is the tens digit of (-3)/((-224)/c - -1)?
5
Suppose g - 6*g = -h + 531, 0 = 5*g + 20. What is the units digit of h?
1
Suppose 4*s = 2*m - 1660, s - 936 - 2339 = -4*m. What is the units digit of m?
0
Suppose 5*a + 2*p - 25 = -0*a, 8 = -4*a + 4*p. Suppose -615 = -a*x + 3*s, -619 = -3*x + 3*s + 2*s. What is the units digit of x?
3
Let l(c) = -c - 5. Let f be l(-4). Let n = -33 + 31. What is the tens digit of 15 + n/(-2) + f?
1
Let j = -970 - -1999. What is the tens digit of j?
2
Let i = -1463 + 4153. What is the hundreds digit of i?
6
Suppose 4 = 8*f - 7*f. Suppose -z + f*q + 141 = 5*q, -z + 156 = 4*q. What is the units digit of z?
6
Let q(r) = 240*r - 25. What is the hundreds digit of q(1)?
2
Let t = 2128 + 665. What is the units digit of t?
3
Let a(v) = v - 15. Let p be a(8). Let r(w) = -13*w - 9. What is the units digit of r(p)?
2
Let j(q) = 6*q**3 + q**2 + q - 1. Let y be j(1). Let b = -1 - -2. What is the tens digit of y/(28/108) - b?
2
Suppose 5*j + 375 = 3*p, p + 3*j = -3*p + 471. Let y be p/4 + -1 + 1. What is the units digit of ((-16)/20)/((-3)/y)?
8
Let o(y) = 10*y**2 + 36*y - 28. What is the thousands digit of o(11)?
1
Suppose -26 = -4*m + 4*n - 2, -3*n + 22 = m. Let b(x) = -x**3 + 11*x**2 + 3*x - 7. What is the hundreds digit of b(m)?
1
Let l(f) = -f**3 + 12*f**2 - 9*f - 9. Let i be l(11). Let t be (0 - i) + (5 - 2). What is the units digit of 5/(t/(-4)) + -1?
1
Let q(n) = 16*n + 8. Let c be q(4). Suppose -g + c + 75 = 0. Let j = g - 92. What is the units digit of j?
5
Let l(d) = -7*d**2 + 1. Let j be l(-1). What is the hundreds digit of (3 + (-399)/j)*2?
1
Let x be (-4)/10 + 69/(-15). Let g(r) be the first derivative of r**3/3 - 4*r - 49. What is the units digit of g(x)?
1
Let z(h) = h**2 + 6*h - 7. Let u be z(-7). Suppose -3*t + 2*t + 3 = u. Suppose -5*o = -3*r + 195, 0 = -2*r + 4*r - t*o - 130. What is the units digit of r?
5
Suppose 0*r - 630 = -3*r. Suppose -220 = -10*x + r. What is the tens digit of x?
4
Let o(a) be the third derivative of a**4/12 - 7*a**3/6 + 9*a**2. What is the tens digit of o(12)?
1
What is the tens digit of 2 + 22/(-8) + (-64899)/(-36)?
0
Suppose -2*g + 63 = -107. Let k(z) = 5*z**2 + 14*z + 1. Let v be k(-3). Suppose v*n = 2*f + 214, -3*n = 3*f - g - 98. What is the tens digit of n?
5
Let h(q) be the first derivative of q**5/4 + q**4/6 - 2*q**3/3 - 7*q**2 - 3. Let i(v) be the second derivative of h(v). What is the units digit of i(2)?
4
Let n(p) = 42*p + 1. Let k(w) = 84*w + 2. Let v(l) = 3*k(l) - 7*n(l). Let o be v(-1). Let z = o - 5. What is the units digit of z?
6
Suppose -u = -4*u + 66. Let l = u - 13. Let c = 16 + l. What is the units digit of c?
5
Let y(v) = 2*v + 5. Let r(n) = -6*n - 15. Let z(b) = 3*r(b) + 8*y(b). Let l be z(-3). What is the units digit of (l + 0)*(-1 + 6)?
5
Suppose -2*m + r + 7 = 0, 0*r + 2*r = -m + 11. Suppose 14 + 16 = m*z. Suppose 26 = -z*s + 8*s. What is the units digit of s?
3
Suppose -8*s - 3099 = -41619. What is the units digit of s?
5
Let n = 352 - 145. Suppose 0 = 11*b - 8*b - n. What is the units digit of b?
9
Let t(b) = -3*b**2 - b + 2. Let s be t(5). Let p = 122 + s. What is the tens digit of p?
4
Let t(j) = j**3 - 7*j**2 - 2*j - 10. Let g be t(7). Let a(p) = -25*p**3 - 2*p**2 + 1. Let i be a(-1). What is the tens digit of (0 + g)*(-18)/i?
1
Suppose -2*m = -3*m - 1. Let f(g) = -2*g**2 - 3*g + 42. Let d be f(0). Let b = d - m. What is the units digit of b?
3
Let z(f) = -32*f**3 - 6*f - 10. What is the tens digit of z(-3)?
7
Suppose 38 = 2*v + 32. Suppose o + v*o = 656. What is the units digit of o?
4
Let d = -89 + 89. Suppose -9*k + 8*k + 16 = d. What is the units digit of k?
6
Let k = 34 + -32. Suppose 0 = -k*g + 8. What is the units digit of g?
4
Suppose -n + 6 = 4*u - 5, 0 = -u - n + 5. Let x be (-1 - u) + (-9)/(-3). Suppose x = -3*o + 5*h - 7 + 23, 2*h + 16 = 2*o. What is the tens digit of o?
1
Suppose -2*t + 2*k = -2998 + 36, k - 5919 = -4*t. What is the tens digit of t?
8
Let h(m) = -m - 1. Let f(b) = -7*b - 101. Let a(o) = f(o) - 6*h(o). Let l be a(0). Let z = 166 + l. What is the tens digit of z?
7
Let j be (-4)/(-10) - 6/15. Suppose 3*i + j*i = 27. What is the tens digit of 2 + 9 - i/(-3)?
1
Suppose -2*q = -2*b - 4, -b = 3*q - 21 - 1. Let p(g) = 9*g - 9. What is the tens digit of p(q)?
4
Let o(c) = -c**3 + 2*c**2 - 2*c + 1. Let k be o(3). Let s be 25 - (-4)/(4/(-3)). Let i = s + k. What is the units digit of i?
8
Let c(w) = w**3 + 4*w**2 - 9*w + 26. What is the units digit of c(-6)?
8
Let k(s) = 55*s**3 - 4 + 6*s - s + 41*s**3. What is the tens digit of k(1)?
9
Suppose -5*y + 75 = 5*a, 4*a - 15 = -y + a. Let i(n) = 5 + 6 - y*n - 9. What is the units digit of i(-1)?
7
Suppose -3*f + 1011 = -r + 4*r, -4*f = r - 1339. Suppose 5*n - 6 = f. What is the units digit of n?
8
Let y = -10 + 15. Let x(c) = -3 - 14*c**2 - y - 12*c - c**3 + 27. What is the units digit of x(-13)?
6
Let l be 1*(0 + 2)*-52. Let s = 155 + l. What is the units digit of s?
1
What is the hundreds digit of (-4 - 234*(-5)/(-40))*-8?
2
Let w = 1165 - -1973. What is the units digit of w?
8
Let i(p) = -24*p - 200. What is the hundreds digit of i(-20)?
2
Let a be 1/((-1)/(-3)) + (-3)/(-1). Let f = 137 - a. What is the tens digit of f?
3
Suppose 0 = 3*b - 0*b - 3. Let s = 2 + b. Suppose 12 = 3*o, 5*v - 39 - 29 = s*o. What is the tens digit of v?
1
Let r(u) = u**2 - 5*u + 5. Let x be r(3). What is the units digit of (x/(-3))/((-3)/(-747 - 0))?
3
Suppose -5*f = -3*a - 2 + 27, 0 = -4*a - 2*f - 10. Let d(n) = n - 3. Let v be d(a). What is the units digit of v/((-231)/111 - -2)?
7
Let g(j) = 5*j + 27. Let h = -30 - -40. What is the units digit of g(h)?
7
Let i(w) = -2*w**3 + 4*w**2 + 2*w + 1. Let x be i(-4). Let k = x - 128. What is the tens digit of k?
5
Let f = -11 - -12. What is the tens digit of 129/f + 0/(-11)?
2
Let s be 18/8 + (-2)/8. Suppose -d - 3*z + z + 132 = 0, -s*d + 246 = -5*z. What is the units digit of d?
8
Let d(p) = 11*p + 1. Let n be d(-1). Let y be 30/75 - (-374)/n. Let c = y - -63. What is the tens digit of c?
2
Suppose 102*u - 35739 = 93*u. What is the units digit of u?
1
Let l = 20 - 17. Suppose 5*i + l - 8 = 0. Suppose 4*b = -o - 0*o - 2, -i = -3*o - 5*b. What is the units digit of o?
2
What is the units digit of (-2)/((32/(-12848))/(0 - -1))?
3
Let u(c) = -465*c - 29. What is the units digit of u(-7)?
6
Let d = 768 + -12. What is the tens digit of d?
5
Suppose 5*q - 2*s - 229 = 0, -3*q + s = q - 182. Suppose b - 31 = 2*v + 10, -b + 4*v = -q. What is the tens digit of b?
3
Let c = 1472 - 457. What is the tens digit of c?
1
Suppose 5*k - 2087 = -4*d + 4220, 3171 = 2*d - k. What is the thousands digit of d?
1
Let l(y) = 2*y**3 - y**2 - 8*y + 28. What is the tens digit of l(3)?
4
Let y = 11 + -21. Let l be (-494)/10 - y/25. What is the tens digit of -2 + -2 + (-4 - l)?
4
Suppose -2*t = -t. Suppose t = 9*m - 5*m - 20. Let j = m - 1. What is the units digit of j?
4
Let x = 1074 + -778. What is the units digit of x?
6
Suppose -4*l = l + 3*n - 34, 5*l + n - 28 = 0. What is the units digit of 4 + (-90)/25 - (-193)/l?
9
Suppose w - 2*w + 2*n = -189, 1 = -n. What is the units digit of w?
7
Suppose 0 = 5*i - 16 + 6. Suppose 3*h - 167 = -i*s, -3*s = -0*s - h - 267. What is the units digit of s?
8
Suppose r + 23 = 8. Let z be 36/15 + 6/r. Suppose -z*b + 4*t + 144 = 2*b, 4*b - 2*t = 154. What is the units digit of b?
1
Let f = -1020 + 1955. What is the units digit of f?
5
Let a(h) be the third derivative of 7*h**5/4 + h**3/3 + 22*h**2. What is the tens digit of a(1)?
0
Suppose -2266 - 940 = -7*n. What is the hundreds digit of n?
4
Let d(t) = t + 5. Let b be d(20). Suppose 0 = -q - 2*q - 180. What is the tens digit of (q/b)/(4/(-20))?
1
Suppose -3*w = -5*w - y + 27, -3*y = -3. Let x be (276/8 + 1)*2. Suppose w = 3*s - x. What is the tens digit of s?
2
Let g be 2*(-2 + 3)*-1. Let r be (-4)/1 - g - -115. Suppose -4*c + r = -167. What is the units digit of c?
0
Let h be (-2*5)/(-1*(-10)/35). What is the tens digit of (-1 